{"id":199,"date":"2023-02-07T10:15:22","date_gmt":"2023-02-07T09:15:22","guid":{"rendered":"http:\/\/vsneumarkt.ac.at\/?page_id=199"},"modified":"2026-03-16T11:24:18","modified_gmt":"2026-03-16T10:24:18","slug":"nachmittagsbetreuung","status":"publish","type":"page","link":"http:\/\/vsneumarkt.ac.at\/?page_id=199","title":{"rendered":"Nachmittagsbetreuung"},"content":{"rendered":"\n<div class=\"wp-block-group\"><div class=\"wp-block-group__inner-container is-layout-constrained wp-block-group-is-layout-constrained\">\n<div class=\"wp-block-media-text alignwide\" style=\"grid-template-columns:31% auto\"><figure class=\"wp-block-media-text__media\"><img loading=\"lazy\" decoding=\"async\" width=\"726\" height=\"1024\" src=\"https:\/\/vsneumarkt.ac.at\/wp-content\/uploads\/2024\/10\/Rafi-24_25-726x1024.jpg\" alt=\"\" class=\"wp-image-1543 size-full\" srcset=\"http:\/\/vsneumarkt.ac.at\/wp-content\/uploads\/2024\/10\/Rafi-24_25-726x1024.jpg 726w, http:\/\/vsneumarkt.ac.at\/wp-content\/uploads\/2024\/10\/Rafi-24_25-213x300.jpg 213w, http:\/\/vsneumarkt.ac.at\/wp-content\/uploads\/2024\/10\/Rafi-24_25-768x1084.jpg 768w, http:\/\/vsneumarkt.ac.at\/wp-content\/uploads\/2024\/10\/Rafi-24_25-1089x1536.jpg 1089w, http:\/\/vsneumarkt.ac.at\/wp-content\/uploads\/2024\/10\/Rafi-24_25-1451x2048.jpg 1451w, http:\/\/vsneumarkt.ac.at\/wp-content\/uploads\/2024\/10\/Rafi-24_25-900x1270.jpg 900w, http:\/\/vsneumarkt.ac.at\/wp-content\/uploads\/2024\/10\/Rafi-24_25-1280x1806.jpg 1280w, http:\/\/vsneumarkt.ac.at\/wp-content\/uploads\/2024\/10\/Rafi-24_25-scaled.jpg 1814w\" sizes=\"auto, (max-width: 726px) 100vw, 726px\" \/><\/figure><div class=\"wp-block-media-text__content\">\n<p>Rafiga Safarova<br>Nachmittagsbetreuerin <\/p>\n<\/div><\/div>\n\n\n\n<div class=\"wp-block-media-text alignwide\" style=\"grid-template-columns:31% auto\"><figure class=\"wp-block-media-text__media\"><img loading=\"lazy\" decoding=\"async\" width=\"726\" height=\"1024\" src=\"https:\/\/vsneumarkt.ac.at\/wp-content\/uploads\/2026\/03\/230925-0776-726x1024.jpg\" alt=\"\" class=\"wp-image-2264 size-full\" srcset=\"http:\/\/vsneumarkt.ac.at\/wp-content\/uploads\/2026\/03\/230925-0776-726x1024.jpg 726w, http:\/\/vsneumarkt.ac.at\/wp-content\/uploads\/2026\/03\/230925-0776-213x300.jpg 213w, http:\/\/vsneumarkt.ac.at\/wp-content\/uploads\/2026\/03\/230925-0776-768x1084.jpg 768w, http:\/\/vsneumarkt.ac.at\/wp-content\/uploads\/2026\/03\/230925-0776-1089x1536.jpg 1089w, http:\/\/vsneumarkt.ac.at\/wp-content\/uploads\/2026\/03\/230925-0776-1451x2048.jpg 1451w, http:\/\/vsneumarkt.ac.at\/wp-content\/uploads\/2026\/03\/230925-0776-900x1270.jpg 900w, http:\/\/vsneumarkt.ac.at\/wp-content\/uploads\/2026\/03\/230925-0776-1280x1806.jpg 1280w, http:\/\/vsneumarkt.ac.at\/wp-content\/uploads\/2026\/03\/230925-0776-scaled.jpg 1814w\" sizes=\"auto, (max-width: 726px) 100vw, 726px\" \/><\/figure><div class=\"wp-block-media-text__content\">\n<p>Ankica Sutic<br>Nachmittagsbetreuerin<\/p>\n<\/div><\/div>\n<\/div><\/div>\n\n\n\n<figure class=\"wp-block-image size-full\"><img loading=\"lazy\" decoding=\"async\" width=\"845\" height=\"598\" src=\"https:\/\/vsneumarkt.ac.at\/wp-content\/uploads\/2025\/10\/Nachmittagsbetreuung-25.png\" alt=\"\" class=\"wp-image-2139\" srcset=\"http:\/\/vsneumarkt.ac.at\/wp-content\/uploads\/2025\/10\/Nachmittagsbetreuung-25.png 845w, http:\/\/vsneumarkt.ac.at\/wp-content\/uploads\/2025\/10\/Nachmittagsbetreuung-25-300x212.png 300w, http:\/\/vsneumarkt.ac.at\/wp-content\/uploads\/2025\/10\/Nachmittagsbetreuung-25-768x544.png 768w\" sizes=\"auto, (max-width: 845px) 100vw, 845px\" \/><\/figure>\n\n\n\n<hr class=\"wp-block-separator has-alpha-channel-opacity\"\/>\n\n\n\n<p>Nach Unterrichtsende bietet die Volksschule Ihrem Kind die M\u00f6glichkeit an, den Nachmittag in der Schule zu verbringen. Die Nachmittagsbetreuung beginnt nach dem Unterricht und endet sp\u00e4testens um 16:30 Uhr. Das Mittagessen, die Lernzeit und die Freizeit sind feste Bestandteile unseres t\u00e4glichen Programms. Kreativen Besch\u00e4ftigungen, Bewegungs- und Gemeinschaftsspielen wird gen\u00fcgend Raum geboten.<br><br><\/p>\n\n\n\n<h2 class=\"wp-block-heading has-accent-color has-text-color\">Unsere Aktivit\u00e4ten<\/h2>\n\n\n<ul class=\"wp-block-latest-posts__list is-grid columns-3 wp-block-latest-posts\"><li><div class=\"wp-block-latest-posts__featured-image\"><img loading=\"lazy\" decoding=\"async\" width=\"150\" height=\"150\" src=\"http:\/\/vsneumarkt.ac.at\/wp-content\/uploads\/2026\/04\/K1024_6ed9a047-bab0-4caf-96d6-0cb018682e61-150x150.jpg\" class=\"attachment-thumbnail size-thumbnail wp-post-image\" alt=\"\" style=\"\" srcset=\"http:\/\/vsneumarkt.ac.at\/wp-content\/uploads\/2026\/04\/K1024_6ed9a047-bab0-4caf-96d6-0cb018682e61-150x150.jpg 150w, http:\/\/vsneumarkt.ac.at\/wp-content\/uploads\/2026\/04\/K1024_6ed9a047-bab0-4caf-96d6-0cb018682e61-88x88.jpg 88w\" sizes=\"auto, (max-width: 150px) 100vw, 150px\" \/><\/div><a class=\"wp-block-latest-posts__post-title\" href=\"http:\/\/vsneumarkt.ac.at\/?p=2308\">Fr\u00fchlingszeit ist Schulgartenzeit<\/a><div class=\"wp-block-latest-posts__post-excerpt\">In unserer Nachmittagsbetreuung wird das sch\u00f6ne Fr\u00fchlingswetter im Schulgarten genutzt, um die Gehwege zu versch\u00f6nern.<\/div><\/li>\n<li><div class=\"wp-block-latest-posts__featured-image\"><img loading=\"lazy\" decoding=\"async\" width=\"150\" height=\"150\" src=\"http:\/\/vsneumarkt.ac.at\/wp-content\/uploads\/2026\/03\/f8f4b605-d565-4022-bc83-e998341556dc-150x150.jpg\" class=\"attachment-thumbnail size-thumbnail wp-post-image\" alt=\"\" style=\"\" srcset=\"http:\/\/vsneumarkt.ac.at\/wp-content\/uploads\/2026\/03\/f8f4b605-d565-4022-bc83-e998341556dc-150x150.jpg 150w, http:\/\/vsneumarkt.ac.at\/wp-content\/uploads\/2026\/03\/f8f4b605-d565-4022-bc83-e998341556dc-88x88.jpg 88w\" sizes=\"auto, (max-width: 150px) 100vw, 150px\" \/><\/div><a class=\"wp-block-latest-posts__post-title\" href=\"http:\/\/vsneumarkt.ac.at\/?p=2269\">Fr\u00fchlingsspaziergang<\/a><div class=\"wp-block-latest-posts__post-excerpt\">Die ersten w\u00e4rmeren Temperaturen wurden von der Nachmittagsbetreuung f\u00fcr einen Spaziergang genutzt. Dabei haben die Kinder bereits Fr\u00fchbl\u00fcher entdecken k\u00f6nnen.<\/div><\/li>\n<li><div class=\"wp-block-latest-posts__featured-image\"><img loading=\"lazy\" decoding=\"async\" width=\"150\" height=\"150\" src=\"http:\/\/vsneumarkt.ac.at\/wp-content\/uploads\/2025\/10\/K1024_Herbst-Schulgarten2-150x150.jpg\" class=\"attachment-thumbnail size-thumbnail wp-post-image\" alt=\"\" style=\"\" srcset=\"http:\/\/vsneumarkt.ac.at\/wp-content\/uploads\/2025\/10\/K1024_Herbst-Schulgarten2-150x150.jpg 150w, http:\/\/vsneumarkt.ac.at\/wp-content\/uploads\/2025\/10\/K1024_Herbst-Schulgarten2-88x88.jpg 88w\" sizes=\"auto, (max-width: 150px) 100vw, 150px\" \/><\/div><a class=\"wp-block-latest-posts__post-title\" href=\"http:\/\/vsneumarkt.ac.at\/?p=2141\">Der Herbst in vollen Z\u00fcgen<\/a><div class=\"wp-block-latest-posts__post-excerpt\">Im Schulgarten macht die Nachmittagsbetreuung gleich doppelt Spa\u00df.<\/div><\/li>\n<li><div class=\"wp-block-latest-posts__featured-image\"><img loading=\"lazy\" decoding=\"async\" width=\"150\" height=\"150\" src=\"http:\/\/vsneumarkt.ac.at\/wp-content\/uploads\/2025\/04\/WhatsApp-Image-2025-04-07-at-15.26.151-150x150.jpeg\" class=\"attachment-thumbnail size-thumbnail wp-post-image\" alt=\"\" style=\"\" srcset=\"http:\/\/vsneumarkt.ac.at\/wp-content\/uploads\/2025\/04\/WhatsApp-Image-2025-04-07-at-15.26.151-150x150.jpeg 150w, http:\/\/vsneumarkt.ac.at\/wp-content\/uploads\/2025\/04\/WhatsApp-Image-2025-04-07-at-15.26.151-88x88.jpeg 88w\" sizes=\"auto, (max-width: 150px) 100vw, 150px\" \/><\/div><a class=\"wp-block-latest-posts__post-title\" href=\"http:\/\/vsneumarkt.ac.at\/?p=1893\">Osterzeit in der Nachmi<\/a><div class=\"wp-block-latest-posts__post-excerpt\">Voller Freude backen und basteln unsere Schulkinder am Nachmittag.<\/div><\/li>\n<li><div class=\"wp-block-latest-posts__featured-image\"><img loading=\"lazy\" decoding=\"async\" width=\"150\" height=\"150\" src=\"http:\/\/vsneumarkt.ac.at\/wp-content\/uploads\/2024\/12\/1000032592-150x150.jpg\" class=\"attachment-thumbnail size-thumbnail wp-post-image\" alt=\"\" style=\"\" srcset=\"http:\/\/vsneumarkt.ac.at\/wp-content\/uploads\/2024\/12\/1000032592-150x150.jpg 150w, http:\/\/vsneumarkt.ac.at\/wp-content\/uploads\/2024\/12\/1000032592-88x88.jpg 88w\" sizes=\"auto, (max-width: 150px) 100vw, 150px\" \/><\/div><a class=\"wp-block-latest-posts__post-title\" href=\"http:\/\/vsneumarkt.ac.at\/?p=1742\">Kekse backen<\/a><div class=\"wp-block-latest-posts__post-excerpt\">In der Weihnachtsb\u00e4ckerei&#8230;.<\/div><\/li>\n<\/ul>\n\n\n<p class=\"has-small-font-size\"><a href=\"http:\/\/vsneumarkt.ac.at\/?page_id=199\">nach oben&#8230;<\/a><\/p>\n\n\n\n<p class=\"has-small-font-size\"><a href=\"http:\/\/vsneumarkt.ac.at\/\" data-type=\"page\">Startseite&#8230;<\/a><\/p>\n","protected":false},"excerpt":{"rendered":"<p>Rafiga SafarovaNachmittagsbetreuerin Ankica SuticNachmittagsbetreuerin Nach Unterrichtsende bietet die Volksschule Ihrem Kind die M\u00f6glichkeit an, den Nachmittag in der Schule zu verbringen. Die Nachmittagsbetreuung beginnt nach dem Unterricht und endet sp\u00e4testens um 16:30 Uhr. Das Mittagessen, die Lernzeit und die Freizeit sind feste Bestandteile unseres t\u00e4glichen Programms. Kreativen Besch\u00e4ftigungen, Bewegungs- und Gemeinschaftsspielen wird gen\u00fcgend Raum geboten. [&hellip;]<\/p>\n","protected":false},"author":1,"featured_media":0,"parent":0,"menu_order":0,"comment_status":"closed","ping_status":"closed","template":"","meta":{"ngg_post_thumbnail":0,"footnotes":""},"class_list":["post-199","page","type-page","status-publish","hentry"],"_links":{"self":[{"href":"http:\/\/vsneumarkt.ac.at\/index.php?rest_route=\/wp\/v2\/pages\/199","targetHints":{"allow":["GET"]}}],"collection":[{"href":"http:\/\/vsneumarkt.ac.at\/index.php?rest_route=\/wp\/v2\/pages"}],"about":[{"href":"http:\/\/vsneumarkt.ac.at\/index.php?rest_route=\/wp\/v2\/types\/page"}],"author":[{"embeddable":true,"href":"http:\/\/vsneumarkt.ac.at\/index.php?rest_route=\/wp\/v2\/users\/1"}],"replies":[{"embeddable":true,"href":"http:\/\/vsneumarkt.ac.at\/index.php?rest_route=%2Fwp%2Fv2%2Fcomments&post=199"}],"version-history":[{"count":31,"href":"http:\/\/vsneumarkt.ac.at\/index.php?rest_route=\/wp\/v2\/pages\/199\/revisions"}],"predecessor-version":[{"id":2265,"href":"http:\/\/vsneumarkt.ac.at\/index.php?rest_route=\/wp\/v2\/pages\/199\/revisions\/2265"}],"wp:attachment":[{"href":"http:\/\/vsneumarkt.ac.at\/index.php?rest_route=%2Fwp%2Fv2%2Fmedia&parent=199"}],"curies":[{"name":"wp","href":"https:\/\/api.w.org\/{rel}","templated":true}]}}

<div class="wp-block-group"><div class="wp-block-group__inner-container is-layout-constrained wp-block-group-is-layout-constrained">
<div class="wp-block-media-text alignwide" style="grid-template-columns:31% auto"><figure class="wp-block-media-text__media"><img loading="lazy" decoding="async" width="726" height="1024" src="https://vsneumarkt.ac.at/wp-content/uploads/2024/10/Rafi-24_25-726x1024.jpg" alt="" class="wp-image-1543 size-full" srcset="http://vsneumarkt.ac.at/wp-content/uploads/2024/10/Rafi-24_25-726x1024.jpg 726w, http://vsneumarkt.ac.at/wp-content/uploads/2024/10/Rafi-24_25-213x300.jpg 213w, http://vsneumarkt.ac.at/wp-content/uploads/2024/10/Rafi-24_25-768x1084.jpg 768w, http://vsneumarkt.ac.at/wp-content/uploads/2024/10/Rafi-24_25-1089x1536.jpg 1089w, http://vsneumarkt.ac.at/wp-content/uploads/2024/10/Rafi-24_25-1451x2048.jpg 1451w, http://vsneumarkt.ac.at/wp-content/uploads/2024/10/Rafi-24_25-900x1270.jpg 900w, http://vsneumarkt.ac.at/wp-content/uploads/2024/10/Rafi-24_25-1280x1806.jpg 1280w, http://vsneumarkt.ac.at/wp-content/uploads/2024/10/Rafi-24_25-scaled.jpg 1814w" sizes="auto, (max-width: 726px) 100vw, 726px" /></figure><div class="wp-block-media-text__content">
<p>Rafiga Safarova<br>Nachmittagsbetreuerin </p>
</div></div>



<div class="wp-block-media-text alignwide" style="grid-template-columns:31% auto"><figure class="wp-block-media-text__media"><img loading="lazy" decoding="async" width="726" height="1024" src="https://vsneumarkt.ac.at/wp-content/uploads/2026/03/230925-0776-726x1024.jpg" alt="" class="wp-image-2264 size-full" srcset="http://vsneumarkt.ac.at/wp-content/uploads/2026/03/230925-0776-726x1024.jpg 726w, http://vsneumarkt.ac.at/wp-content/uploads/2026/03/230925-0776-213x300.jpg 213w, http://vsneumarkt.ac.at/wp-content/uploads/2026/03/230925-0776-768x1084.jpg 768w, http://vsneumarkt.ac.at/wp-content/uploads/2026/03/230925-0776-1089x1536.jpg 1089w, http://vsneumarkt.ac.at/wp-content/uploads/2026/03/230925-0776-1451x2048.jpg 1451w, http://vsneumarkt.ac.at/wp-content/uploads/2026/03/230925-0776-900x1270.jpg 900w, http://vsneumarkt.ac.at/wp-content/uploads/2026/03/230925-0776-1280x1806.jpg 1280w, http://vsneumarkt.ac.at/wp-content/uploads/2026/03/230925-0776-scaled.jpg 1814w" sizes="auto, (max-width: 726px) 100vw, 726px" /></figure><div class="wp-block-media-text__content">
<p>Ankica Sutic<br>Nachmittagsbetreuerin</p>
</div></div>
</div></div>



<figure class="wp-block-image size-full"><img loading="lazy" decoding="async" width="845" height="598" src="https://vsneumarkt.ac.at/wp-content/uploads/2025/10/Nachmittagsbetreuung-25.png" alt="" class="wp-image-2139" srcset="http://vsneumarkt.ac.at/wp-content/uploads/2025/10/Nachmittagsbetreuung-25.png 845w, http://vsneumarkt.ac.at/wp-content/uploads/2025/10/Nachmittagsbetreuung-25-300x212.png 300w, http://vsneumarkt.ac.at/wp-content/uploads/2025/10/Nachmittagsbetreuung-25-768x544.png 768w" sizes="auto, (max-width: 845px) 100vw, 845px" /></figure>



<hr class="wp-block-separator has-alpha-channel-opacity"/>



<p>Nach Unterrichtsende bietet die Volksschule Ihrem Kind die Möglichkeit an, den Nachmittag in der Schule zu verbringen. Die Nachmittagsbetreuung beginnt nach dem Unterricht und endet spätestens um 16:30 Uhr. Das Mittagessen, die Lernzeit und die Freizeit sind feste Bestandteile unseres täglichen Programms. Kreativen Beschäftigungen, Bewegungs- und Gemeinschaftsspielen wird genügend Raum geboten.<br><br></p>



<h2 class="wp-block-heading has-accent-color has-text-color">Unsere Aktivitäten</h2>


<ul class="wp-block-latest-posts__list is-grid columns-3 wp-block-latest-posts"><li><div class="wp-block-latest-posts__featured-image"><img loading="lazy" decoding="async" width="150" height="150" src="http://vsneumarkt.ac.at/wp-content/uploads/2026/04/K1024_6ed9a047-bab0-4caf-96d6-0cb018682e61-150x150.jpg" class="attachment-thumbnail size-thumbnail wp-post-image" alt="" style="" srcset="http://vsneumarkt.ac.at/wp-content/uploads/2026/04/K1024_6ed9a047-bab0-4caf-96d6-0cb018682e61-150x150.jpg 150w, http://vsneumarkt.ac.at/wp-content/uploads/2026/04/K1024_6ed9a047-bab0-4caf-96d6-0cb018682e61-88x88.jpg 88w" sizes="auto, (max-width: 150px) 100vw, 150px" /></div><a class="wp-block-latest-posts__post-title" href="http://vsneumarkt.ac.at/?p=2308">Frühlingszeit ist Schulgartenzeit</a><div class="wp-block-latest-posts__post-excerpt">In unserer Nachmittagsbetreuung wird das schöne Frühlingswetter im Schulgarten genutzt, um die Gehwege zu verschönern.</div></li>
<li><div class="wp-block-latest-posts__featured-image"><img loading="lazy" decoding="async" width="150" height="150" src="http://vsneumarkt.ac.at/wp-content/uploads/2026/03/f8f4b605-d565-4022-bc83-e998341556dc-150x150.jpg" class="attachment-thumbnail size-thumbnail wp-post-image" alt="" style="" srcset="http://vsneumarkt.ac.at/wp-content/uploads/2026/03/f8f4b605-d565-4022-bc83-e998341556dc-150x150.jpg 150w, http://vsneumarkt.ac.at/wp-content/uploads/2026/03/f8f4b605-d565-4022-bc83-e998341556dc-88x88.jpg 88w" sizes="auto, (max-width: 150px) 100vw, 150px" /></div><a class="wp-block-latest-posts__post-title" href="http://vsneumarkt.ac.at/?p=2269">Frühlingsspaziergang</a><div class="wp-block-latest-posts__post-excerpt">Die ersten wärmeren Temperaturen wurden von der Nachmittagsbetreuung für einen Spaziergang genutzt. Dabei haben die Kinder bereits Frühblüher entdecken können.</div></li>
<li><div class="wp-block-latest-posts__featured-image"><img loading="lazy" decoding="async" width="150" height="150" src="http://vsneumarkt.ac.at/wp-content/uploads/2025/10/K1024_Herbst-Schulgarten2-150x150.jpg" class="attachment-thumbnail size-thumbnail wp-post-image" alt="" style="" srcset="http://vsneumarkt.ac.at/wp-content/uploads/2025/10/K1024_Herbst-Schulgarten2-150x150.jpg 150w, http://vsneumarkt.ac.at/wp-content/uploads/2025/10/K1024_Herbst-Schulgarten2-88x88.jpg 88w" sizes="auto, (max-width: 150px) 100vw, 150px" /></div><a class="wp-block-latest-posts__post-title" href="http://vsneumarkt.ac.at/?p=2141">Der Herbst in vollen Zügen</a><div class="wp-block-latest-posts__post-excerpt">Im Schulgarten macht die Nachmittagsbetreuung gleich doppelt Spaß.</div></li>
<li><div class="wp-block-latest-posts__featured-image"><img loading="lazy" decoding="async" width="150" height="150" src="http://vsneumarkt.ac.at/wp-content/uploads/2025/04/WhatsApp-Image-2025-04-07-at-15.26.151-150x150.jpeg" class="attachment-thumbnail size-thumbnail wp-post-image" alt="" style="" srcset="http://vsneumarkt.ac.at/wp-content/uploads/2025/04/WhatsApp-Image-2025-04-07-at-15.26.151-150x150.jpeg 150w, http://vsneumarkt.ac.at/wp-content/uploads/2025/04/WhatsApp-Image-2025-04-07-at-15.26.151-88x88.jpeg 88w" sizes="auto, (max-width: 150px) 100vw, 150px" /></div><a class="wp-block-latest-posts__post-title" href="http://vsneumarkt.ac.at/?p=1893">Osterzeit in der Nachmi</a><div class="wp-block-latest-posts__post-excerpt">Voller Freude backen und basteln unsere Schulkinder am Nachmittag.</div></li>
<li><div class="wp-block-latest-posts__featured-image"><img loading="lazy" decoding="async" width="150" height="150" src="http://vsneumarkt.ac.at/wp-content/uploads/2024/12/1000032592-150x150.jpg" class="attachment-thumbnail size-thumbnail wp-post-image" alt="" style="" srcset="http://vsneumarkt.ac.at/wp-content/uploads/2024/12/1000032592-150x150.jpg 150w, http://vsneumarkt.ac.at/wp-content/uploads/2024/12/1000032592-88x88.jpg 88w" sizes="auto, (max-width: 150px) 100vw, 150px" /></div><a class="wp-block-latest-posts__post-title" href="http://vsneumarkt.ac.at/?p=1742">Kekse backen</a><div class="wp-block-latest-posts__post-excerpt">In der Weihnachtsbäckerei&#8230;.</div></li>
</ul>


<p class="has-small-font-size"><a href="http://vsneumarkt.ac.at/?page_id=199">nach oben&#8230;</a></p>



<p class="has-small-font-size"><a href="http://vsneumarkt.ac.at/" data-type="page">Startseite&#8230;</a></p>

<p>Rafiga SafarovaNachmittagsbetreuerin Ankica SuticNachmittagsbetreuerin Nach Unterrichtsende bietet die Volksschule Ihrem Kind die Möglichkeit an, den Nachmittag in der Schule zu verbringen. Die Nachmittagsbetreuung beginnt nach dem Unterricht und endet spätestens um 16:30 Uhr. Das Mittagessen, die Lernzeit und die Freizeit sind feste Bestandteile unseres täglichen Programms. Kreativen Beschäftigungen, Bewegungs- und Gemeinschaftsspielen wird genügend Raum geboten. [&hellip;]</p>
