{"id":1589,"date":"2024-10-14T18:29:34","date_gmt":"2024-10-14T16:29:34","guid":{"rendered":"https:\/\/vsneumarkt.ac.at\/?page_id=1589"},"modified":"2024-10-14T18:32:05","modified_gmt":"2024-10-14T16:32:05","slug":"blaeserklasse","status":"publish","type":"page","link":"http:\/\/vsneumarkt.ac.at\/?page_id=1589","title":{"rendered":"Bl\u00e4serklasse"},"content":{"rendered":"\n<figure class=\"wp-block-image size-large\"><img loading=\"lazy\" decoding=\"async\" width=\"1024\" height=\"726\" src=\"https:\/\/vsneumarkt.ac.at\/wp-content\/uploads\/2024\/10\/Blaeserklasse-verpixelt-1024x726.jpg\" alt=\"\" class=\"wp-image-1591\" srcset=\"http:\/\/vsneumarkt.ac.at\/wp-content\/uploads\/2024\/10\/Blaeserklasse-verpixelt-1024x726.jpg 1024w, http:\/\/vsneumarkt.ac.at\/wp-content\/uploads\/2024\/10\/Blaeserklasse-verpixelt-300x213.jpg 300w, http:\/\/vsneumarkt.ac.at\/wp-content\/uploads\/2024\/10\/Blaeserklasse-verpixelt-768x544.jpg 768w, http:\/\/vsneumarkt.ac.at\/wp-content\/uploads\/2024\/10\/Blaeserklasse-verpixelt-1536x1089.jpg 1536w, http:\/\/vsneumarkt.ac.at\/wp-content\/uploads\/2024\/10\/Blaeserklasse-verpixelt-900x638.jpg 900w, http:\/\/vsneumarkt.ac.at\/wp-content\/uploads\/2024\/10\/Blaeserklasse-verpixelt-1280x907.jpg 1280w, http:\/\/vsneumarkt.ac.at\/wp-content\/uploads\/2024\/10\/Blaeserklasse-verpixelt.jpg 1693w\" sizes=\"auto, (max-width: 1024px) 100vw, 1024px\" \/><\/figure>\n\n\n\n<p>Gemeinsam zu musizieren, f\u00f6rdert die Entwicklung unserer Kinder, st\u00e4rkt das Selbstbewusstsein, den Teamgeist und macht dazu noch Spa\u00df!<\/p>\n\n\n\n<p>Dieser Schwerpunkt wird in der Volksschule Neumarkt gepflegt und ab dem Schuljahr 2022\/23 mit dem Projekt \u201eBl\u00e4serklasse\u201c in Kooperation mit der Musikschule aktiv gef\u00f6rdert.<\/p>\n","protected":false},"excerpt":{"rendered":"<p>Gemeinsam zu musizieren, f\u00f6rdert die Entwicklung unserer Kinder, st\u00e4rkt das Selbstbewusstsein, den Teamgeist und macht dazu noch Spa\u00df! Dieser Schwerpunkt wird in der Volksschule Neumarkt gepflegt und ab dem Schuljahr 2022\/23 mit dem Projekt \u201eBl\u00e4serklasse\u201c in Kooperation mit der Musikschule aktiv gef\u00f6rdert.<\/p>\n","protected":false},"author":1,"featured_media":0,"parent":0,"menu_order":0,"comment_status":"closed","ping_status":"closed","template":"","meta":{"ngg_post_thumbnail":0,"footnotes":""},"class_list":["post-1589","page","type-page","status-publish","hentry"],"_links":{"self":[{"href":"http:\/\/vsneumarkt.ac.at\/index.php?rest_route=\/wp\/v2\/pages\/1589","targetHints":{"allow":["GET"]}}],"collection":[{"href":"http:\/\/vsneumarkt.ac.at\/index.php?rest_route=\/wp\/v2\/pages"}],"about":[{"href":"http:\/\/vsneumarkt.ac.at\/index.php?rest_route=\/wp\/v2\/types\/page"}],"author":[{"embeddable":true,"href":"http:\/\/vsneumarkt.ac.at\/index.php?rest_route=\/wp\/v2\/users\/1"}],"replies":[{"embeddable":true,"href":"http:\/\/vsneumarkt.ac.at\/index.php?rest_route=%2Fwp%2Fv2%2Fcomments&post=1589"}],"version-history":[{"count":2,"href":"http:\/\/vsneumarkt.ac.at\/index.php?rest_route=\/wp\/v2\/pages\/1589\/revisions"}],"predecessor-version":[{"id":1594,"href":"http:\/\/vsneumarkt.ac.at\/index.php?rest_route=\/wp\/v2\/pages\/1589\/revisions\/1594"}],"wp:attachment":[{"href":"http:\/\/vsneumarkt.ac.at\/index.php?rest_route=%2Fwp%2Fv2%2Fmedia&parent=1589"}],"curies":[{"name":"wp","href":"https:\/\/api.w.org\/{rel}","templated":true}]}}

Bläserklasse

<figure class="wp-block-image size-large"><img loading="lazy" decoding="async" width="1024" height="726" src="https://vsneumarkt.ac.at/wp-content/uploads/2024/10/Blaeserklasse-verpixelt-1024x726.jpg" alt="" class="wp-image-1591" srcset="http://vsneumarkt.ac.at/wp-content/uploads/2024/10/Blaeserklasse-verpixelt-1024x726.jpg 1024w, http://vsneumarkt.ac.at/wp-content/uploads/2024/10/Blaeserklasse-verpixelt-300x213.jpg 300w, http://vsneumarkt.ac.at/wp-content/uploads/2024/10/Blaeserklasse-verpixelt-768x544.jpg 768w, http://vsneumarkt.ac.at/wp-content/uploads/2024/10/Blaeserklasse-verpixelt-1536x1089.jpg 1536w, http://vsneumarkt.ac.at/wp-content/uploads/2024/10/Blaeserklasse-verpixelt-900x638.jpg 900w, http://vsneumarkt.ac.at/wp-content/uploads/2024/10/Blaeserklasse-verpixelt-1280x907.jpg 1280w, http://vsneumarkt.ac.at/wp-content/uploads/2024/10/Blaeserklasse-verpixelt.jpg 1693w" sizes="auto, (max-width: 1024px) 100vw, 1024px" /></figure>



<p>Gemeinsam zu musizieren, fördert die Entwicklung unserer Kinder, stärkt das Selbstbewusstsein, den Teamgeist und macht dazu noch Spaß!</p>



<p>Dieser Schwerpunkt wird in der Volksschule Neumarkt gepflegt und ab dem Schuljahr 2022/23 mit dem Projekt „Bläserklasse“ in Kooperation mit der Musikschule aktiv gefördert.</p>

<p>Gemeinsam zu musizieren, fördert die Entwicklung unserer Kinder, stärkt das Selbstbewusstsein, den Teamgeist und macht dazu noch Spaß! Dieser Schwerpunkt wird in der Volksschule Neumarkt gepflegt und ab dem Schuljahr 2022/23 mit dem Projekt „Bläserklasse“ in Kooperation mit der Musikschule aktiv gefördert.</p>
